{"id":17,"date":"2017-09-15T13:00:50","date_gmt":"2017-09-15T11:00:50","guid":{"rendered":"http:\/\/matthiasbenzing.com\/?page_id=17"},"modified":"2021-03-19T11:46:15","modified_gmt":"2021-03-19T10:46:15","slug":"ueber-mich","status":"publish","type":"page","link":"http:\/\/matthiasbenzing.com\/?page_id=17","title":{"rendered":"\u00dcber mich"},"content":{"rendered":"<blockquote>\n<p>&#8222;Bilder sind meine Welt. Ich denke in Bildern und st\u00e4ndig an Bilder. Ich gestalte Bilder, bewegte und unbewegte.&#8220;<\/p>\n<\/blockquote>\n<h1 lang=\"en-GB\" align=\"LEFT\"><span style=\"color: #999999;\"><span style=\"font-family: Tahoma, sans-serif;\"><span style=\"font-size: x-large;\">Matthias Benzing<\/span><\/span><\/span><\/h1>\n<p lang=\"de-DE\" align=\"LEFT\"><span style=\"color: #999999;\"><span style=\"font-family: Tahoma, sans-serif;\"><span style=\"font-size: medium;\">lebt und arbeitet als freier <\/span><\/span><span style=\"font-family: Tahoma, sans-serif;\"><span style=\"font-size: medium;\">Kameramann und Fotograf <\/span><\/span><span style=\"font-family: Tahoma, sans-serif;\"><span style=\"font-size: medium;\">in Berlin.<\/span><\/span><\/span><\/p>\n<h2 lang=\"de-DE\">\u00a0<\/h2>\n<h2><span style=\"font-family: Tahoma, sans-serif; color: #999999;\"><span style=\"font-size: medium;\"><span lang=\"de-DE\">1990<\/span><\/span><\/span><\/h2>\n<p><span style=\"font-family: Tahoma, sans-serif; color: #999999;\"><span style=\"font-size: medium;\"><span lang=\"de-DE\">Abitur. Kauf der ersten professionellen Nikon Spiegelreflex Kamera.<\/span><\/span><\/span><\/p>\n<h2 lang=\"de-DE\"><span style=\"color: #999999;\"><span style=\"font-family: Tahoma, sans-serif;\"><span style=\"font-size: medium;\">1991-1994<\/span><\/span><\/span><\/h2>\n<p lang=\"de-DE\"><span style=\"color: #999999;\"><span style=\"font-family: Tahoma, sans-serif;\"><span style=\"font-size: medium;\">Ausbildung zum Kameraassistenten. <\/span><\/span><span style=\"font-family: Tahoma, sans-serif;\"><span style=\"font-size: medium;\">Erfahrungen als Kameraassistent in der aktuellen Berichterstattung. Weiterbildung zum Kameramann.<\/span><\/span><\/span><\/p>\n<h2><span style=\"font-family: Tahoma, sans-serif; color: #999999;\"><span style=\"font-size: medium;\"><span lang=\"de-DE\">Seit 1995<\/span><\/span><\/span><\/h2>\n<p lang=\"de-DE\"><span style=\"color: #999999;\"><span style=\"font-family: Tahoma, sans-serif;\"><span style=\"font-size: medium;\"><span lang=\"de-DE\">Als f<\/span><span lang=\"de-DE\">reier Kameramann t\u00e4tig f\u00fcr zahlreiche Dokumentationen und <\/span><\/span><\/span><span style=\"font-family: Tahoma, sans-serif;\"><span style=\"font-size: medium;\">Reportagen f\u00fcr \u00f6ffentlich-rechtliche und private Fernsehsender (mehr dazu unter Filme).<\/span><\/span><\/span><\/p>\n<p lang=\"de-DE\"><span style=\"color: #999999;\"><span style=\"font-family: Tahoma, sans-serif;\"><span style=\"font-size: medium;\"> Parallel dazu intensive Besch\u00e4ftigung mit analoger Fotografie. Schwerpunkte: Schwarzwei\u00df Negativ (Abz\u00fcge aus dem eigenen SW-Labor), Reisedokumentationen (v.a. mit Diapositiv).<\/span><\/span><\/span><\/p>\n<h2 lang=\"de-DE\"><span style=\"color: #999999;\"><span style=\"font-family: Tahoma, sans-serif;\"><span style=\"font-size: medium;\">Ab 2001<\/span><\/span><\/span><\/h2>\n<p lang=\"de-DE\"><span style=\"color: #999999;\"><span style=\"font-family: Tahoma, sans-serif;\"><span style=\"font-size: medium;\">Experimente mit digitaler Fotografie neben der analogen Fotografie.<\/span><\/span><\/span><\/p>\n<h2 lang=\"de-DE\"><span style=\"color: #999999;\"><span style=\"font-family: Tahoma, sans-serif;\"><span style=\"font-size: medium;\">Fotoausstellungen:<\/span><\/span><\/span><\/h2>\n<h2 lang=\"de-DE\"><span style=\"color: #999999;\"><span style=\"font-family: Tahoma, sans-serif;\"><span style=\"font-size: medium;\">2011<\/span><\/span><\/span><\/h2>\n<p lang=\"de-DE\"><span style=\"color: #999999;\"><span style=\"font-family: Tahoma, sans-serif;\"><span style=\"font-size: medium;\">\u201eEcht Wiesn\u201c. Ausstellung von Naturfotografien im Rote Beete (Berlin-Sch\u00f6neberg).<\/span><\/span><\/span><\/p>\n<h2 lang=\"de-DE\"><span style=\"color: #999999;\"><span style=\"font-family: Tahoma, sans-serif;\"><span style=\"font-size: medium;\">2013<\/span><\/span><\/span><\/h2>\n<p lang=\"de-DE\"><span style=\"color: #999999;\"><span style=\"font-family: Tahoma, sans-serif;\"><span style=\"font-size: medium;\">Ausstellung von Fotografien vom und im ehemaligen Joachimsthalschen Gymnasium in Templin (Uckermark).<\/span><\/span><\/span><\/p>\n<h2 lang=\"de-DE\"><span style=\"color: #999999;\"><span style=\"font-family: Tahoma, sans-serif;\"><span style=\"font-size: medium;\">2014<\/span><\/span><\/span><\/h2>\n<p lang=\"de-DE\"><span style=\"color: #999999;\"><span style=\"font-family: Tahoma, sans-serif;\"><span style=\"font-size: medium;\">\u201eLichtecht\u201c. Ausstellung zum Thema Wald in der Galerie Mutter Fourage (Berlin-Wannsee).<\/span><\/span><\/span><\/p>\n<h2 lang=\"de-DE\"><span style=\"color: #999999;\"><span style=\"font-family: Tahoma, sans-serif;\"><span style=\"font-size: medium;\">2015<\/span><\/span><\/span><\/h2>\n<p lang=\"de-DE\"><span style=\"color: #999999;\"><span style=\"font-family: Tahoma, sans-serif;\"><span style=\"font-size: medium;\">Ausstellung von Naturfotografien zur Buchmesse in Leipzig.<\/span><\/span><\/span><\/p>\n<h2 lang=\"de-DE\"><span style=\"color: #999999;\"><span style=\"font-family: Tahoma, sans-serif;\"><span style=\"font-size: medium;\">2016<\/span><\/span><\/span><\/h2>\n<p lang=\"de-DE\"><span style=\"color: #999999;\"><span style=\"font-family: Tahoma, sans-serif;\"><span style=\"font-size: medium;\"> Ausstellung von Naturfotografien in Quickborn (Schleswig-Holstein).<\/span><\/span><\/span><\/p>\n<p lang=\"de-DE\">\u00a0<\/p>\n<p lang=\"de-DE\"><span style=\"color: #999999;\"><span style=\"font-family: Tahoma, sans-serif;\"><span style=\"font-size: medium;\">2018<\/span><\/span><\/span><\/p>\n<p lang=\"de-DE\"><span style=\"color: #999999;\"><span style=\"font-family: Tahoma, sans-serif;\"><span style=\"font-size: medium;\">Ausstellung von Naturfotografien in der Kreismusikschule und der<\/span><\/span><\/span><\/p>\n<p lang=\"de-DE\"><span style=\"color: #999999;\"><span style=\"font-family: Tahoma, sans-serif;\"><span style=\"font-size: medium;\"> Kreisvolkshochschule Potsdam-Mittelmark in Kleinmachnow.<\/span><\/span><\/span><\/p>\n<p lang=\"de-DE\">\u00a0<\/p>\n<p lang=\"de-DE\"><span style=\"color: #999999;\"><span style=\"font-family: Tahoma, sans-serif;\"><span style=\"font-size: medium;\">2019<\/span><\/span><\/span><\/p>\n<p lang=\"de-DE\"><span style=\"color: #999999;\"><span style=\"font-family: Tahoma, sans-serif;\"><span style=\"font-size: medium;\">Teilnahme an der Weihnachtsbaumusstellung<\/span><\/span><\/span><\/p>\n<p lang=\"de-DE\"><span style=\"color: #999999;\"><span style=\"font-family: Tahoma, sans-serif;\"><span style=\"font-size: medium;\"> \u201eEt weihnachtet \u2013 wat sch\u00f6n!\u201c mit einer Videoinstallation<\/span><\/span><\/span><\/p>\n<p lang=\"de-DE\"><span style=\"color: #999999;\"><span style=\"font-family: Tahoma, sans-serif;\"><span style=\"font-size: medium;\"> und mehreren Fotografien (a.i.p.galerie Berlin).<\/span><\/span><\/span><\/p>\n<p lang=\"de-DE\">\u00a0<\/p>\n<p lang=\"de-DE\"><span style=\"color: #999999;\">2020<\/span><\/p>\n<p lang=\"de-DE\"><span style=\"color: #999999;\">Ausstellung beim &#8222;Tag des offenen Denkmals&#8220;<\/span><\/p>\n<p lang=\"de-DE\"><span style=\"color: #999999;\"> im ehemaligen Joachimsthalschen Gymnasiums in Templin, der zuk\u00fcnftigen Europa Schule Templin.<\/span><\/p>\n\n\n<p><\/p>\n","protected":false},"excerpt":{"rendered":"<p>&#8222;Bilder sind meine Welt. Ich denke in Bildern und st\u00e4ndig an Bilder. Ich gestalte Bilder, bewegte und unbewegte.&#8220; Matthias Benzing lebt und arbeitet als freier Kameramann und Fotograf in Berlin. \u00a0 1990 Abitur. Kauf der ersten professionellen Nikon Spiegelreflex Kamera. 1991-1994 Ausbildung zum Kameraassistenten. Erfahrungen als Kameraassistent in der aktuellen Berichterstattung. Weiterbildung zum Kameramann. Seit &hellip; <\/p>\n<p class=\"link-more\"><a href=\"http:\/\/matthiasbenzing.com\/?page_id=17\" class=\"more-link\"><span class=\"screen-reader-text\">\u201e\u00dcber mich\u201c<\/span> weiterlesen<\/a><\/p>\n","protected":false},"author":1,"featured_media":61,"parent":0,"menu_order":0,"comment_status":"closed","ping_status":"closed","template":"","meta":[],"_links":{"self":[{"href":"http:\/\/matthiasbenzing.com\/index.php?rest_route=\/wp\/v2\/pages\/17"}],"collection":[{"href":"http:\/\/matthiasbenzing.com\/index.php?rest_route=\/wp\/v2\/pages"}],"about":[{"href":"http:\/\/matthiasbenzing.com\/index.php?rest_route=\/wp\/v2\/types\/page"}],"author":[{"embeddable":true,"href":"http:\/\/matthiasbenzing.com\/index.php?rest_route=\/wp\/v2\/users\/1"}],"replies":[{"embeddable":true,"href":"http:\/\/matthiasbenzing.com\/index.php?rest_route=%2Fwp%2Fv2%2Fcomments&post=17"}],"version-history":[{"count":13,"href":"http:\/\/matthiasbenzing.com\/index.php?rest_route=\/wp\/v2\/pages\/17\/revisions"}],"predecessor-version":[{"id":414,"href":"http:\/\/matthiasbenzing.com\/index.php?rest_route=\/wp\/v2\/pages\/17\/revisions\/414"}],"wp:featuredmedia":[{"embeddable":true,"href":"http:\/\/matthiasbenzing.com\/index.php?rest_route=\/wp\/v2\/media\/61"}],"wp:attachment":[{"href":"http:\/\/matthiasbenzing.com\/index.php?rest_route=%2Fwp%2Fv2%2Fmedia&parent=17"}],"curies":[{"name":"wp","href":"https:\/\/api.w.org\/{rel}","templated":true}]}}