{"id":128,"date":"2018-02-12T11:32:11","date_gmt":"2018-02-12T10:32:11","guid":{"rendered":"http:\/\/matthiasbenzing.com\/?page_id=128"},"modified":"2021-03-20T10:46:14","modified_gmt":"2021-03-20T09:46:14","slug":"aktuell","status":"publish","type":"page","link":"http:\/\/matthiasbenzing.com\/?page_id=128","title":{"rendered":"Aktuell"},"content":{"rendered":"\n<figure class=\"wp-block-image size-large is-resized\"><img loading=\"lazy\" src=\"http:\/\/matthiasbenzing.com\/wp-content\/uploads\/2021\/03\/Leuchtbild_1308-682x1024.jpg\" alt=\"\" class=\"wp-image-388\" width=\"674\" height=\"1010\" srcset=\"http:\/\/matthiasbenzing.com\/wp-content\/uploads\/2021\/03\/Leuchtbild_1308-200x300.jpg 200w, http:\/\/matthiasbenzing.com\/wp-content\/uploads\/2021\/03\/Leuchtbild_1308-768x1152.jpg 768w, http:\/\/matthiasbenzing.com\/wp-content\/uploads\/2021\/03\/Leuchtbild_1308-1024x1536.jpg 1024w, http:\/\/matthiasbenzing.com\/wp-content\/uploads\/2021\/03\/Leuchtbild_1308-1365x2048.jpg 1365w, http:\/\/matthiasbenzing.com\/wp-content\/uploads\/2021\/03\/Leuchtbild_1308-scaled.jpg 1706w\" sizes=\"(max-width: 674px) 100vw, 674px\" \/><figcaption><strong>Leuchtbild &#8222;FakeFall&#8220; (2019) <\/strong>80&#215;120 cm<\/figcaption><\/figure>\n\n\n\n<p><\/p>\n\n\n\n<h2><strong>Exklusive Leuchtbilder mit der M\u00f6glichkeit die Motive zu wechseln.<\/strong><\/h2>\n\n\n\n<p><\/p>\n\n\n\n<p>Die Fotografien daf\u00fcr habe ich zum Teil schon vor Jahren gezielt f\u00fcr die Herstellung von Leuchtbildern in starken, authentischen Lichtsituationen aufgenommen. Das verleiht den fertigen Leuchtbildern in meinen Augen eine besondere Brillianz, eine bestechende Wahrhaftigkeit und nat\u00fcrliche Intensit\u00e4t.  Ich fotografiere st\u00e4ndig weitere geeignete Motive mit dem Ziel ausdrucksstarke Leuchtbilder daraus zu machen.<\/p>\n\n\n\n<p><\/p>\n\n\n\n<p>Der Prototyp mit einem Echtholzrahmen aus geb\u00fcrsteter Esche ist verkauft. Kundenwunsch war es in diesem Fall die Motive je nach Jahreszeit wechseln zu k\u00f6nnen. Die Ergebnisse k\u00f6nnen weiter unten betrachtet werden. Weitere Leuchtbilder sind in Arbeit und ich produziere sie gerne auch individuell auf Anfrage.<\/p>\n\n\n\n<p><\/p>\n\n\n\n<div class=\"wp-block-media-text alignwide is-stacked-on-mobile\"><figure class=\"wp-block-media-text__media\"><img loading=\"lazy\" width=\"683\" height=\"1024\" src=\"http:\/\/matthiasbenzing.com\/wp-content\/uploads\/2021\/03\/LB_Doku_1324-683x1024.jpg\" alt=\"\" class=\"wp-image-403 size-full\" srcset=\"http:\/\/matthiasbenzing.com\/wp-content\/uploads\/2021\/03\/LB_Doku_1324-683x1024.jpg 683w, http:\/\/matthiasbenzing.com\/wp-content\/uploads\/2021\/03\/LB_Doku_1324-200x300.jpg 200w, http:\/\/matthiasbenzing.com\/wp-content\/uploads\/2021\/03\/LB_Doku_1324-768x1152.jpg 768w, http:\/\/matthiasbenzing.com\/wp-content\/uploads\/2021\/03\/LB_Doku_1324-1024x1536.jpg 1024w, http:\/\/matthiasbenzing.com\/wp-content\/uploads\/2021\/03\/LB_Doku_1324-1365x2048.jpg 1365w, http:\/\/matthiasbenzing.com\/wp-content\/uploads\/2021\/03\/LB_Doku_1324-scaled.jpg 1707w\" sizes=\"(max-width: 683px) 100vw, 683px\" \/><\/figure><div class=\"wp-block-media-text__content\">\n<p>Der Leuchtkasten ist netto, also ohne das Holzprofil, 80&#215;120 cm gro\u00df und 5,5 cm tief (meines Erachtens das Minimum, um eine gleichm\u00e4\u00dfige Ausleuchtung zu erzielen). Illuminiert ist er zeitgem\u00e4\u00df mit stromsparenden LEDs, in diesem Fall 3200K (warmweiss), Tageslicht oder bicolor sind m\u00f6glich. Au\u00dferdem lassen sich die LEDs mit einer Fernbedienung an-, ausschalten und dimmen.<\/p>\n<\/div><\/div>\n\n\n\n<div class=\"wp-block-media-text alignwide is-stacked-on-mobile\"><figure class=\"wp-block-media-text__media\"><img loading=\"lazy\" width=\"683\" height=\"1024\" src=\"http:\/\/matthiasbenzing.com\/wp-content\/uploads\/2021\/03\/LB_Doku_1321-683x1024.jpg\" alt=\"\" class=\"wp-image-404 size-full\" srcset=\"http:\/\/matthiasbenzing.com\/wp-content\/uploads\/2021\/03\/LB_Doku_1321-683x1024.jpg 683w, http:\/\/matthiasbenzing.com\/wp-content\/uploads\/2021\/03\/LB_Doku_1321-200x300.jpg 200w, http:\/\/matthiasbenzing.com\/wp-content\/uploads\/2021\/03\/LB_Doku_1321-768x1151.jpg 768w, http:\/\/matthiasbenzing.com\/wp-content\/uploads\/2021\/03\/LB_Doku_1321-1025x1536.jpg 1025w, http:\/\/matthiasbenzing.com\/wp-content\/uploads\/2021\/03\/LB_Doku_1321-1367x2048.jpg 1367w, http:\/\/matthiasbenzing.com\/wp-content\/uploads\/2021\/03\/LB_Doku_1321-scaled.jpg 1709w\" sizes=\"(max-width: 683px) 100vw, 683px\" \/><\/figure><div class=\"wp-block-media-text__content\">\n<p>Der Textildruck (UV-Druck auf Samba 195g\/qm) hat ringsrum einen Silikon-Keder, der zur Befestigung einfach in eine daf\u00fcr vorgesehene Nut am Leuchtkasten gedr\u00fcckt wird. An einer Lasche l\u00e4sst sich das Bild bei Bedarf problemlos wieder abziehen und gegen ein anderes Motiv tauschen. <\/p>\n<\/div><\/div>\n\n\n\n<div class=\"wp-block-media-text alignwide is-stacked-on-mobile\"><figure class=\"wp-block-media-text__media\"><img loading=\"lazy\" width=\"683\" height=\"1024\" src=\"http:\/\/matthiasbenzing.com\/wp-content\/uploads\/2021\/03\/LB_Doku_1354-683x1024.jpg\" alt=\"\" class=\"wp-image-405 size-full\" srcset=\"http:\/\/matthiasbenzing.com\/wp-content\/uploads\/2021\/03\/LB_Doku_1354-683x1024.jpg 683w, http:\/\/matthiasbenzing.com\/wp-content\/uploads\/2021\/03\/LB_Doku_1354-200x300.jpg 200w, http:\/\/matthiasbenzing.com\/wp-content\/uploads\/2021\/03\/LB_Doku_1354-768x1152.jpg 768w, http:\/\/matthiasbenzing.com\/wp-content\/uploads\/2021\/03\/LB_Doku_1354-1024x1536.jpg 1024w, http:\/\/matthiasbenzing.com\/wp-content\/uploads\/2021\/03\/LB_Doku_1354-1365x2048.jpg 1365w, http:\/\/matthiasbenzing.com\/wp-content\/uploads\/2021\/03\/LB_Doku_1354-scaled.jpg 1707w\" sizes=\"(max-width: 683px) 100vw, 683px\" \/><\/figure><div class=\"wp-block-media-text__content\">\n<p>Den Aluminiumkorpus habe ich in diesem Fall mit einem schlichten Profil aus Holz (geb\u00fcrstete Esche) eingefasst. Auf Bestellung ist jedes andere denkbare Finish m\u00f6glich.<\/p>\n<\/div><\/div>\n\n\n\n<h2><strong>Weitere Motive<\/strong><\/h2>\n\n\n\n<figure class=\"wp-block-image size-large\"><img loading=\"lazy\" width=\"683\" height=\"1024\" src=\"http:\/\/matthiasbenzing.com\/wp-content\/uploads\/2021\/03\/LB_Buchenfruehling_1289-683x1024.jpg\" alt=\"\" class=\"wp-image-406\" srcset=\"http:\/\/matthiasbenzing.com\/wp-content\/uploads\/2021\/03\/LB_Buchenfruehling_1289-683x1024.jpg 683w, http:\/\/matthiasbenzing.com\/wp-content\/uploads\/2021\/03\/LB_Buchenfruehling_1289-200x300.jpg 200w, http:\/\/matthiasbenzing.com\/wp-content\/uploads\/2021\/03\/LB_Buchenfruehling_1289-768x1152.jpg 768w, http:\/\/matthiasbenzing.com\/wp-content\/uploads\/2021\/03\/LB_Buchenfruehling_1289-1024x1536.jpg 1024w, http:\/\/matthiasbenzing.com\/wp-content\/uploads\/2021\/03\/LB_Buchenfruehling_1289-1365x2048.jpg 1365w, http:\/\/matthiasbenzing.com\/wp-content\/uploads\/2021\/03\/LB_Buchenfruehling_1289-scaled.jpg 1707w\" sizes=\"(max-width: 683px) 100vw, 683px\" \/><figcaption><strong>Leuchtbild Buchenfr\u00fchling (2018)<\/strong> 80&#215;120 cm<\/figcaption><\/figure>\n\n\n\n<figure class=\"wp-block-image size-large\"><img loading=\"lazy\" width=\"683\" height=\"1024\" src=\"http:\/\/matthiasbenzing.com\/wp-content\/uploads\/2021\/03\/LB_Eiswasser_1296-683x1024.jpg\" alt=\"\" class=\"wp-image-407\" srcset=\"http:\/\/matthiasbenzing.com\/wp-content\/uploads\/2021\/03\/LB_Eiswasser_1296-683x1024.jpg 683w, http:\/\/matthiasbenzing.com\/wp-content\/uploads\/2021\/03\/LB_Eiswasser_1296-200x300.jpg 200w, http:\/\/matthiasbenzing.com\/wp-content\/uploads\/2021\/03\/LB_Eiswasser_1296-768x1152.jpg 768w, http:\/\/matthiasbenzing.com\/wp-content\/uploads\/2021\/03\/LB_Eiswasser_1296-1024x1536.jpg 1024w, http:\/\/matthiasbenzing.com\/wp-content\/uploads\/2021\/03\/LB_Eiswasser_1296-1365x2048.jpg 1365w, http:\/\/matthiasbenzing.com\/wp-content\/uploads\/2021\/03\/LB_Eiswasser_1296-scaled.jpg 1707w\" sizes=\"(max-width: 683px) 100vw, 683px\" \/><figcaption><strong>Leuchtbild Eiswasser (2018)<\/strong> 80x120cm<\/figcaption><\/figure>\n\n\n\n<figure class=\"wp-block-image size-large\"><img loading=\"lazy\" width=\"683\" height=\"1024\" src=\"http:\/\/matthiasbenzing.com\/wp-content\/uploads\/2021\/03\/LB_Fruehling_unter_Linden_1294-683x1024.jpg\" alt=\"\" class=\"wp-image-408\" srcset=\"http:\/\/matthiasbenzing.com\/wp-content\/uploads\/2021\/03\/LB_Fruehling_unter_Linden_1294-683x1024.jpg 683w, http:\/\/matthiasbenzing.com\/wp-content\/uploads\/2021\/03\/LB_Fruehling_unter_Linden_1294-200x300.jpg 200w, http:\/\/matthiasbenzing.com\/wp-content\/uploads\/2021\/03\/LB_Fruehling_unter_Linden_1294-768x1152.jpg 768w, http:\/\/matthiasbenzing.com\/wp-content\/uploads\/2021\/03\/LB_Fruehling_unter_Linden_1294-1024x1536.jpg 1024w, http:\/\/matthiasbenzing.com\/wp-content\/uploads\/2021\/03\/LB_Fruehling_unter_Linden_1294-1365x2048.jpg 1365w, http:\/\/matthiasbenzing.com\/wp-content\/uploads\/2021\/03\/LB_Fruehling_unter_Linden_1294-scaled.jpg 1706w\" sizes=\"(max-width: 683px) 100vw, 683px\" \/><figcaption><strong>Leuchtbild Fr\u00fchling unter Linden (2018)<\/strong> 80&#215;120 cm<\/figcaption><\/figure>\n\n\n\n<figure class=\"wp-block-image size-large\"><img loading=\"lazy\" width=\"683\" height=\"1024\" src=\"http:\/\/matthiasbenzing.com\/wp-content\/uploads\/2021\/03\/LB_Herbst_1300-683x1024.jpg\" alt=\"\" class=\"wp-image-409\" srcset=\"http:\/\/matthiasbenzing.com\/wp-content\/uploads\/2021\/03\/LB_Herbst_1300-683x1024.jpg 683w, http:\/\/matthiasbenzing.com\/wp-content\/uploads\/2021\/03\/LB_Herbst_1300-200x300.jpg 200w, http:\/\/matthiasbenzing.com\/wp-content\/uploads\/2021\/03\/LB_Herbst_1300-768x1152.jpg 768w, http:\/\/matthiasbenzing.com\/wp-content\/uploads\/2021\/03\/LB_Herbst_1300-1024x1536.jpg 1024w, http:\/\/matthiasbenzing.com\/wp-content\/uploads\/2021\/03\/LB_Herbst_1300-1365x2048.jpg 1365w, http:\/\/matthiasbenzing.com\/wp-content\/uploads\/2021\/03\/LB_Herbst_1300-scaled.jpg 1706w\" sizes=\"(max-width: 683px) 100vw, 683px\" \/><figcaption><strong>Leuchtbild Herbst (2018)<\/strong> 80x120cm<\/figcaption><\/figure>\n\n\n\n<p><\/p>\n","protected":false},"excerpt":{"rendered":"<p>Exklusive Leuchtbilder mit der M\u00f6glichkeit die Motive zu wechseln. Die Fotografien daf\u00fcr habe ich zum Teil schon vor Jahren gezielt f\u00fcr die Herstellung von Leuchtbildern in starken, authentischen Lichtsituationen aufgenommen. Das verleiht den fertigen Leuchtbildern in meinen Augen eine besondere Brillianz, eine bestechende Wahrhaftigkeit und nat\u00fcrliche Intensit\u00e4t. Ich fotografiere st\u00e4ndig weitere geeignete Motive mit dem &hellip; <\/p>\n<p class=\"link-more\"><a href=\"http:\/\/matthiasbenzing.com\/?page_id=128\" class=\"more-link\"><span class=\"screen-reader-text\">\u201eAktuell\u201c<\/span> weiterlesen<\/a><\/p>\n","protected":false},"author":1,"featured_media":0,"parent":0,"menu_order":0,"comment_status":"closed","ping_status":"closed","template":"","meta":[],"_links":{"self":[{"href":"http:\/\/matthiasbenzing.com\/index.php?rest_route=\/wp\/v2\/pages\/128"}],"collection":[{"href":"http:\/\/matthiasbenzing.com\/index.php?rest_route=\/wp\/v2\/pages"}],"about":[{"href":"http:\/\/matthiasbenzing.com\/index.php?rest_route=\/wp\/v2\/types\/page"}],"author":[{"embeddable":true,"href":"http:\/\/matthiasbenzing.com\/index.php?rest_route=\/wp\/v2\/users\/1"}],"replies":[{"embeddable":true,"href":"http:\/\/matthiasbenzing.com\/index.php?rest_route=%2Fwp%2Fv2%2Fcomments&post=128"}],"version-history":[{"count":45,"href":"http:\/\/matthiasbenzing.com\/index.php?rest_route=\/wp\/v2\/pages\/128\/revisions"}],"predecessor-version":[{"id":430,"href":"http:\/\/matthiasbenzing.com\/index.php?rest_route=\/wp\/v2\/pages\/128\/revisions\/430"}],"wp:attachment":[{"href":"http:\/\/matthiasbenzing.com\/index.php?rest_route=%2Fwp%2Fv2%2Fmedia&parent=128"}],"curies":[{"name":"wp","href":"https:\/\/api.w.org\/{rel}","templated":true}]}}